. Determine r(o).
-7
Let h(v) = 2*v**3 - v**2 - 3*v - 3. Let f(l) = l**3 + l**2 - l. Let b(o) = f(o) - h(o). Give b(3).
0
Let u(o) be the second derivative of -o**5/20 - o**4/2 - 5*o**3/6 + 3*o**2 - 7*o. Give u(-5).
6
Let p(w) = -w + 0 - 3 + 0 + 0. What is p(3)?
-6
Let n(t) = -t**3 - 6*t**2 - 2. Let z be -1*8 + -1 + 3. Calculate n(z).
-2
Suppose -f + 0 = 2. Let p(g) be the third derivative of g**5/30 + g**4/12 + g**3/6 - 59*g**2 - g. Calculate p(f).
5
Let q(x) = -7*x - x + 5*x + 4*x - 5. Calculate q(0).
-5
Let a(b) = -b**2 + 4*b - 3. Let m be 0/(-1) + -1 - -3. Let n be a(m). Let q(w) = 3*w - 8*w - 9*w**2 + 6*w. Give q(n).
-8
Let t(r) = r**2 - r - 7. Suppose 3*x = -n - 15, 3*n + 4*x - 3*x + 5 = 0. What is t(n)?
-7
Let k = 4 - 4. Let f(m) = -2 + k*m + 3 + m. Let a = 2 + 0. Give f(a).
3
Let h(k) = -k**2 + 8*k + 8. Let w be h(9). Let d be (0 + w - 0)*-5. Let j(z) = -z + z + d*z**3 - z**3. What is j(1)?
4
Let x(z) = 2*z**3 - z**2 - 2*z + 3. Let g = 62 + -60. What is x(g)?
11
Let s = 18 - 16. Let q(x) = -3*x**2 + 4 - 24*x**3 + 23*x**3 + s + 4*x. Determine q(-4).
6
Let w = 3 + -2. Let l = 15 + -15. Let s(i) = 3*i**3 - 3 + 3*i**3 + 2*i + l + 2. Calculate s(w).
7
Let v(a) be the second derivative of -2*a**3/3 + a**2/2 - 4*a. What is v(2)?
-7
Let c(t) = -t**2 + 9*t - 4. Let d be c(9). Let b(i) = i**2 + 6*i - 2. Give b(d).
-10
Let b(x) = x**2 + 6*x + 5. Let q be ((-4)/(-16))/(1/8). Let t(s) = -2*s**2 + 2*s. Let m be t(q). Determine b(m).
-3
Suppose -6 = -3*n + 3*u, -4*u - 4 = -2*n - 0. Let f(y) = y**2 - n*y**2 - 7*y + 2 + 3*y - 4. What is f(-2)?
2
Let a(n) = -7*n - 4*n + 0*n. Let b be a(-4). Let l be b/12 + 2/6. Let k(j) = j**2 - 4*j - 1. Give k(l).
-1
Let r be -2 + (-7)/(-3) - 217/93. Let f(p) be the first derivative of p**4/4 + p**3/3 - 3*p**2/2 - 2*p + 1. Give f(r).
0
Let c be (-15)/(-10)*4/3. Let k(s) = s**3 - 2 + c*s + 3 - 4*s**2 + s + 2. What is k(3)?
3
Let f(r) = -r**2 - r + 1. Let y(k) = 2*k**2 - k + 3. Let b(i) = f(i) + y(i). Give b(3).
7
Let o be (0 - -6)*(-6)/(-12). Let k(l) = -l**3 + 4*l**2 + 3. Determine k(o).
12
Let y(i) = 3*i + 3 - 4*i + 2*i. Suppose -4*u = -3*u - 24. Suppose -5*l + 4 = -l - 3*c, -u = -4*l - 2*c. What is y(l)?
7
Suppose -2 = 3*p - 0*p - 5*b, 5*p + 2*b = 38. Let d(x) = -x**2 - 1 + 7*x + 1 - 8. Give d(p).
-2
Let m(s) = s**2 + 5*s + 5. Let o be m(-4). Let v = o + 2. Let i(p) = -5 + 3 + 0*p - v*p + 1. Calculate i(-1).
2
Let n(r) = r**2 - 5*r - 1. Let d(i) = 9*i - 4*i**2 + 3 + 5*i**2 + 9 + 0. Let q be d(-8). Determine n(q).
-5
Let q(o) be the second derivative of -o**5/20 + o**4/12 + o**3/6 + o**2/2 + o. Let s(t) = 4*t**3 - 2*t**2 - 7*t - 7. Let v(w) = 5*q(w) + s(w). Calculate v(2).
-2
Let x = -10 - -14. Let i(h) = 0 + h + x + 5. Give i(-4).
5
Suppose 5*f + 55 = 5*t, -4*t + 2*f + 42 = -f. Let i(w) = 4*w - t*w + 0*w**2 + 1 + 0 + w**2. Determine i(5).
1
Let l(f) = -f - 16. Let b be l(-9). Let c(r) = -r + 3. Give c(b).
10
Suppose 0 = 3*o + o - 12. Let b(p) = -p**2 + 1 + 5*p - p + p**o + 3*p**2 - 2*p. Give b(-2).
-3
Let x(q) = -q**3 - 8*q**2 - 6. Let t be ((-45)/(-35))/(-3) + 53/(-7). Give x(t).
-6
Let g = -110 - -103. Let r(w) = 2*w**2 + 11*w + 7. Give r(g).
28
Let o(c) = 3*c - 5. Let g = 22 - 18. Calculate o(g).
7
Let c(w) = 2*w**3 - 4*w**2 - 2*w - 5. Let f(u) = u**3 - u**2 - u + 1. Let s(r) = -c(r) + 3*f(r). Let v be (10 - 10)/(2/(-2)). Calculate s(v).
8
Let i(q) = 4 - 4 - 2*q + 1. What is i(-1)?
3
Let z(a) = -a**2 + 14*a - 5. Let l be z(14). Let y(h) = -h - 5. Give y(l).
0
Let q(o) = -5*o - 1. Let a = 2 + 3. Let h = -1 + a. Suppose -h*z - 4 = -0*z. Determine q(z).
4
Let p(i) = -2*i**3 - 2*i**2 + 4*i + 4. Let c(n) = -3*n**3 - 3*n**2 + 7*n + 7. Let q(k) = -3*c(k) + 5*p(k). Suppose 1 = -4*w + y, w - 4*y = -3*y - 1. Give q(w).
-1
Let y(c) = -c**2 + 4*c - 6. Suppose -4*v + n + 0 = -20, -5*v = -5*n - 40. Determine y(v).
-6
Suppose -2*f + 2 = -6. Let x(m) = -m**3 + 4*m**2 + 2*m - 6. What is x(f)?
2
Suppose -4*x - 20 = 0, 0*l + x = 3*l - 17. Let w(v) = -115*v - 112*v + 225*v. Give w(l).
-8
Let n(q) = -q**3 + 4*q**2 + 6*q. Let b = 11 + -19. Let l = b - -4. Let s be 16/l*(-5)/4. Give n(s).
5
Let c(v) be the third derivative of v**6/120 - v**5/10 + v**4/4 - 7*v**3/6 - 6*v**2. Give c(5).
-2
Suppose 0 = -5*g + 5 + 150. Suppose 5*a + 11 - g = 3*v, -5*v = -25. Let c(n) = -2*n + a*n - 3*n + n + n**2. Determine c(-3).
0
Let o = 11 - 9. Let z = 0 - o. Let a(w) = -w**2 - 2*w + 2*w - 2. Determine a(z).
-6
Let r be 3 - 3/6*-2. Let i(o) = -2*o - 1. What is i(r)?
-9
Let j(r) = r - 4. Let m be j(4). Suppose -n + 1 + 0 = m. Let h(y) = 8*y**3 + y. What is h(n)?
9
Suppose -7 + 1 = -2*f. Let v(u) = -3 - u + f*u - 3*u. Determine v(-3).
0
Let h(f) = -f**3 - 5*f**2 + 7. Let c(i) = i**3 - 5*i**2 + 4*i - 5. Let s be c(4). What is h(s)?
7
Let z(j) = j**3 - 4*j**2 - 7*j + 5. Let d = -2 - 1. Let x = 6 + d. Let w = 2 + x. Calculate z(w).
-5
Let j(k) = 9*k**3 + k**2. Suppose 0 = 16*c - 19*c - 3. Give j(c).
-8
Let j = 3 + 0. Let a(f) = f**j - 5*f**3 - 4*f**3 + 2*f**3. Suppose 2 = -4*w - 2. What is a(w)?
6
Let o(s) = 9*s + 0*s - 2*s. Give o(-1).
-7
Let o(g) be the third derivative of g**4/24 - g**3/6 - 7*g**2. Give o(-3).
-4
Let h(a) = -2*a**3 + 3*a**2 - 4. Let x be h(2). Let j(d) = -2*d - 12. Give j(x).
4
Let b be -3 + 3*(3 + 2). Let p = 9 - b. Let y(l) = 4*l + 1. Let q(o) = 5*o + 2. Let d(t) = -5*q(t) + 6*y(t). Determine d(p).
-1
Let m be 0/(-3 + 1) + -1. Let u be m*2*(8 + -9). Let x(y) = -y**2 - y + 1. Let r(g) = 5*g**2 - 2*g - 1. Let l(i) = r(i) + 4*x(i). Determine l(u).
-5
Let i(z) = -z + 2. Let s be i(8). Let c(t) = -t**2 - 5*t + 7. Give c(s).
1
Suppose 20 = 4*l + l, -2*m - 4*l = -22. Let t(v) be the second derivative of 2*v**3/3 - v**2/2 - 55*v. Determine t(m).
11
Suppose 6 + 6 = 4*q. Let p(o) = 0 + o**2 + 1 + 1 - q*o + 1. Suppose -12 = -3*l, 2*u + 2*l = -0*l + 14. What is p(u)?
3
Let z be ((-1 - -2) + -3)/2. Let v be 3*((-2)/z + 0). Let a be v/4*(1 + -3). Let q(x) = x**3 + 3*x**2 + 2*x + 2. Determine q(a).
-4
Let r be 0/((-3 + -1)/2). Let g(n) = 0 + n**2 - n + r*n**2 + 3 + 7. Determine g(0).
10
Let f(q) be the third derivative of q**4/8 - q**3/6 - 2*q**2. Suppose -2*v = -l - 3, -3*l - 9 = 3*v - 0. Determine f(l).
-10
Let l(v) = 5*v - 2. Let f(r) = 16*r - 7. Let p(k) = -6*f(k) + 21*l(k). What is p(-1)?
-9
Suppose 0 = 4*j - 16, 5*d - 5 = -3*j - 2*j. Let q(c) = -c - 1 - 6 + 3. What is q(d)?
-1
Let s be (-5)/(1*(0 + -1)). Let q(r) = -11*r + 19*r**2 - 14*r**2 + 6 - r**3 + 9*r. Give q(s).
-4
Let f(g) = -2*g**2 - g - 1. Let l be (-9)/12*(-12)/3. Let a(h) = -h + 2. Let i be a(l). What is f(i)?
-2
Let q(t) = 2*t. Suppose 5*r + u = 21, 2*u - 5 - 2 = -3*r. Give q(r).
10
Let z(s) = 4*s + 9. Suppose 3*h = 16 - 7. Let p(o) = -o - 1. Let c(w) = -2. Let j(n) = -c(n) - 2*p(n). Let b(d) = h*z(d) - 5*j(d). Calculate b(-5).
-3
Let w(g) = 2*g**3 - 4*g**2 + 3*g - 1. Let o(n) = -n**3 + 6. Let r be o(0). Let l = -4 + r. Determine w(l).
5
Let t(v) = -7*v**2 + 11*v - 8. Let l(c) = -8*c**2 + 12*c - 9. Let o(w) = -5*l(w) + 6*t(w). Let u(b) = -b - 2. Let a be u(-6). What is o(a)?
-11
Let z(i) be the second derivative of -i**3 - 5*i**2 - 7*i. Let b(a) = -a - 2. Let v(k) = -22*b(k) + 4*z(k). Determine v(5).
-6
Suppose 7*i - 12*i + 5 = 0. Let u be (-3)/i - (-8 - 0). Let r(m) = m**2 - 6*m + 1. What is r(u)?
-4
Let u(y) = -3*y - 3. Let t(c) = -c - 10. Let q = -29 - -21. Let r be t(q). What is u(r)?
3
Let t(u) = -27 - 64*u + 24 + 61*u. Let p = 6 + -9. Determine t(p).
6
Let f(l) = 5*l**3 - l**2 + 2*l + 1. Let a(n) = 5*n**3 - 2*n**2 + 2*n + 1. Let v(o) = -2*a(o) + 3*f(o). Determine v(-1).
-5
Let n(k) = -18*k. Let o(u) be the second derivative of -u**3 - 2*u. Let b(j) = -6*n(j) + 17*o(j). Determine b(-1).
-6
Let t(b) be the first derivative of -2*b - 1 + 5/2*b**2 - 2*b**3 + 1/4*b**4. Give t(5).
-2
Let y(r) = r**2 + r. Let o = -1 - 1. Let l be ((-6)/(-18))/(o/12). Give y(l).
2
Let m = 0 + 3. Let i(w) = -2*w**2 + m*w - 6 - w**3 - w - 2*w**2. What is i(-5)?
9
Let o(p) = -p**3 - 3*p**2 + p + 3. Let b be o(-3). Let i(m) = -m - 3. Let t be i(b). Let g(a) = -a**2 - 2*a. What is g(t)?
-3
Let h(q) = -15*q**2 - 10*q + 3. Let k(v) = -7*v**2 - 5*v + 1. Let l(s) = 6*h(s) - 13*k(s). Give l(-5).
5
Let p(k) be the third derivative of -k**8/6720 + k**7/2520 + k**6/180 - k**5/120 - k**4/24 - 4*k**2. Let b(m) 